79?
False
Does 4 divide 77576?
True
Is 21 a factor of 2293515?
True
Is 38786 a multiple of 77?
False
Does 23 divide 49036?
True
Does 45 divide 8847405?
True
Is 123 a factor of 22132743?
True
Is 77 a factor of 45276?
True
Does 15 divide 20078904?
False
Is 162440 a multiple of 31?
True
Is 23 a factor of 1514274?
True
Does 39 divide 146952?
True
Does 619 divide 590830?
False
Does 6 divide 3910347?
False
Is 1011317 a multiple of 279?
False
Is 750139 a multiple of 438?
False
Is 790261 a multiple of 104?
False
Is 1727150 a multiple of 79?
False
Does 3 divide 2364394?
False
Is 14 a factor of 258?
False
Is 19 a factor of 6234299?
True
Is 71 a factor of 1789484?
True
Is 245538 a multiple of 8?
False
Is 349 a factor of 7678?
True
Does 34 divide 6719760?
True
Does 13 divide 177996?
True
Is 21 a factor of 379449?
True
Is 453 a factor of 5946984?
True
Does 10 divide 1534015?
False
Is 25 a factor of 764278?
False
Is 152220 a multiple of 6?
True
Is 7947003 a multiple of 53?
False
Is 207 a factor of 254419?
False
Does 298 divide 2051116?
False
Is 15 a factor of 46969?
False
Does 92 divide 2773632?
False
Is 4 a factor of 33536?
True
Is 7718233 a multiple of 15?
False
Is 107206 a multiple of 96?
False
Is 156 a factor of 16848?
True
Does 16 divide 3700083?
False
Is 13151062 a multiple of 547?
False
Does 172 divide 393308?
False
Does 12 divide 29772?
True
Does 456 divide 787946?
False
Does 40 divide 13768831?
False
Does 238 divide 2665493?
False
Does 480 divide 3286080?
True
Is 590325 a multiple of 85?
True
Is 725533 a multiple of 186?
False
Is 130480 a multiple of 16?
True
Does 346 divide 1212038?
True
Is 2004432 a multiple of 208?
False
Is 151932 a multiple of 91?
False
Is 4893229 a multiple of 1605?
False
Does 30 divide 47963?
False
Is 173 a factor of 1560633?
True
Is 95 a factor of 18398107?
False
Is 401602 a multiple of 83?
False
Is 1916470 a multiple of 72?
False
Does 31 divide 209653?
True
Is 684880 a multiple of 59?
False
Does 1792 divide 17439744?
True
Is 21204 a multiple of 31?
True
Is 3614215 a multiple of 995?
False
Is 191 a factor of 629918?
True
Does 45 divide 1381806?
False
Does 176 divide 4562083?
False
Is 573 a factor of 3948543?
True
Is 10425920 a multiple of 320?
True
Does 13 divide 3604717?
False
Does 89 divide 104664?
True
Is 4949934 a multiple of 85?
False
Is 19 a factor of 304000?
True
Is 2865980 a multiple of 260?
True
Is 408 a factor of 1813462?
False
Is 16 a factor of 1153088?
True
Is 277872 a multiple of 24?
True
Is 10858 a multiple of 178?
True
Is 715330 a multiple of 39?
False
Is 20 a factor of 176060?
True
Is 2996 a multiple of 214?
True
Does 7 divide 11972?
False
Is 73 a factor of 672488?
False
Does 81 divide 7439?
False
Is 82215 a multiple of 87?
True
Is 166 a factor of 731894?
True
Is 135665 a multiple of 24?
False
Is 10 a factor of 44053?
False
Does 239 divide 21548017?
False
Is 84 a factor of 189168?
True
Is 13305 a multiple of 5?
True
Is 20088 a multiple of 24?
True
Is 15 a factor of 2072115?
True
Does 424 divide 5027088?
False
Is 89451 a multiple of 3?
True
Is 4128917 a multiple of 7?
False
Is 34131 a multiple of 147?
False
Is 433644 a multiple of 3?
True
Is 164 a factor of 472922?
False
Is 5 a factor of 1698466?
False
Is 12 a factor of 3166954?
False
Does 234 divide 4586868?
True
Does 20 divide 73140?
True
Is 255163 a multiple of 270?
False
Is 5 a factor of 64140?
True
Is 4188094 a multiple of 39?
False
Is 188864 a multiple of 208?
True
Is 1334232 a multiple of 639?
True
Is 314720 a multiple of 14?
True
Is 570184 a multiple of 8?
True
Is 15132 a multiple of 3?
True
Is 7449390 a multiple of 10?
True
Is 5 a factor of 27325?
True
Is 42 a factor of 3192?
True
Is 14 a factor of 363496?
True
Is 90 a factor of 1720699?
False
Is 1048300 a multiple of 19?
False
Does 15 divide 1823580?
True
Does 127 divide 1514999?
False
Does 22 divide 14881638?
False
Does 187 divide 210375?
True
Is 328402 a multiple of 14?
False
Does 192 divide 1256717?
False
Is 33163 a multiple of 7?
False
Is 1316 a factor of 3515036?
True
Is 70512 a multiple of 208?
True
Is 1084 a factor of 4136387?
False
Is 95 a factor of 10000270?
True
Is 8132200 a multiple of 17?
False
Does 29 divide 262238?
False
Is 301 a factor of 1897171?
False
Is 29025 a multiple of 75?
True
Is 11 a factor of 239574?
False
Is 18 a factor of 126360?
True
Is 377159 a multiple of 41?
True
Does 37 divide 2793093?
True
Is 62 a factor of 34949?
False
Does 141 divide 102002?
False
Does 31 divide 66650?
True
Does 20 divide 1300540?
True
Is 15055 even?
False
Does 3 divide 2527159?
False
Does 736 divide 3138382?
False
Is 578979 a multiple of 586?
False
Is 42 a factor of 319620?
True
Is 4 a factor of 12972?
True
Is 216 a factor of 1207224?
True
Does 55 divide 912010?
True
Is 72141 even?
False
Does 1074 divide 2406834?
True
Is 1926030 a multiple of 30?
True
Does 910 divide 7821827?
False
Does 24 divide 1852512?
True
Does 81 divide 1577921?
False
Does 11 divide 26400?
True
Is 41 a factor of 614385?
True
Is 2635360 a multiple of 14?
True
Does 300 divide 824967?
False
Is 5 a factor of 275030?
True
Does 763 divide 3346633?
False
Is 154 a factor of 224400?
False
Is 1887465 a multiple of 435?
True
Does 14 divide 336084?
True
Does 25 divide 82800?
True
Is 13 a factor of 4255499?
False
Is 416 a factor of 1394848?
True
Is 8407386 a multiple of 2072?
False
Is 1073208 a multiple of 8?
True
Does 147 divide 703542?
True
Does 405 divide 3308445?
True
Is 312 a factor of 1789632?
True
Is 94 a factor of 19624?
False
Is 16 a factor of 40368?
True
Is 1435780 a multiple of 1102?
False
Is 115828 a multiple of 23?
True
Does 4 divide 1251885?
False
Is 4 a factor of 28022?
False
Is 1735290 a multiple of 45?
True
Does 39 divide 105714?
False
Does 30 divide 172530?
True
Does 31 divide 747591?
False
Is 1659 a factor of 3006108?
True
Is 36 a factor of 113436?
True
Is 6 a factor of 386871?
False
Is 608 a factor of 126464?
True
Does 587 divide 280432?
False
Does 589 divide 10169674?
True
Is 467 a factor of 579848?
False
Is 787247 a multiple of 779?
False
Is 21 a factor of 5187?
True
Is 597734 a multiple of 53?
True
Is 167910 a multiple of 58?
True
Is 46 a factor of 3438408?
True
Is 539124 a multiple of 12?
True
Is 20 a factor of 79386?
False
Is 1044758 a multiple of 11?
True
Is 126661 a multiple of 30?
False
Does 4 divide 30412?
True
Is 26973 a multiple of 999?
True
Is 23 a factor of 790096?
True
Does 20 divide 399500?
True
Does 147 divide 113190?
True
Is 9 a factor of 46465?
False
Does 62 divide 509961?
False
Does 366 divide 1064328?
True
Is 596047 a multiple of 7?
False
Is 1089858 a multiple of 337?
True
Is 48267 a multiple of 173?
True
Does 5 divide 96247?
False
Does 6 divide 29922?
True
Does 58 divide 63220?
True
Is 276342 a multiple of 9?
False
Does 445 divide 156195?
True
Is 14 a factor of 13548?
False
Is 673480 a multiple of 149?
True
Is 22 a factor of 155368?
False
Is 7131 a multiple of 9?
False
Is 1085960 a multiple of 85?
True
Is 1392359 a multiple of 399?
False
Is 4 a factor of 938100?
True
Does 2 divide 119947?
False
Is 43102 a multiple of 46?
True
Does 618 divide 49339?
False
Is 4 a factor of 818459?
False
Is 122528 a multiple of 16?
True
Is 29 a factor of 135053?
True
Is 250 a factor of 534341?
False
Is 267219 a multiple of 357?
False
Is 42 a factor of 420?
True
Is 48615 a multiple of 615?
False
Is 1428651 a multiple of 9?
True
Does 26 divide 13526?
False
Does 159 divide 246984?
False
Does 46 divide 1129438?
True
Is 15 a factor of 492780?
True
Does 839 divide 1503880?
False
Is 385 a factor of 243484?
False
Does 105 divide 239641?
False
Is 65 a factor of 328750?
False
Is 20 a factor of 2520700?
True
Is 524552 a multiple of 476?
True
Is 1759022 a multiple of 17?
False
Is 222680 a multiple of 293?
True
Does 15 divide 3795?
True
Does 241 divide 146287?
True
Is 70 a factor of 1935640?
True
Does 7 divide 2646231?
True
Is 187 a factor of 7150132?
True
Is 32 a factor of 512224?
True
Does 12 divide 2179?
False
Is 8021790 a multiple of 45?
True
Does 17 divide 242624?
True
Is 415 a factor of 1234979?
False
Is 12 a factor of 647002?
False
Is 23 a factor of 117875?
True
Is 17611 a multiple of 59?
False
Is 3267663 a multiple of 170?
False
Does 123 divide 2768976?
True
Does 29 divide 1095828?
False
Is 10912 a multiple of 3?
False